[INFO] cloning repository https://github.com/LucianoBestia/fetchtest2
[INFO] running `Command { std: "git" "-c" "credential.helper=" "-c" "credential.helper=/workspace/cargo-home/bin/git-credential-null" "clone" "--bare" "https://github.com/LucianoBestia/fetchtest2" "/workspace/cache/git-repos/https%3A%2F%2Fgithub.com%2FLucianoBestia%2Ffetchtest2", kill_on_drop: false }`
[INFO] [stderr] Cloning into bare repository '/workspace/cache/git-repos/https%3A%2F%2Fgithub.com%2FLucianoBestia%2Ffetchtest2'...
[INFO] running `Command { std: "git" "rev-parse" "HEAD", kill_on_drop: false }`
[INFO] [stdout] e5cce4d38f8c7b1e9d0f2df402ebe2763adad8ed
[INFO] checking LucianoBestia/fetchtest2 against try#72f88fc4e9458f89516a0b8b0868f3718aec5b47 for pr-74989
[INFO] running `Command { std: "git" "clone" "/workspace/cache/git-repos/https%3A%2F%2Fgithub.com%2FLucianoBestia%2Ffetchtest2" "/workspace/builds/worker-1/source", kill_on_drop: false }`
[INFO] [stderr] Cloning into '/workspace/builds/worker-1/source'...
[INFO] [stderr] done.
[INFO] validating manifest of git repo https://github.com/LucianoBestia/fetchtest2 on toolchain 72f88fc4e9458f89516a0b8b0868f3718aec5b47
[INFO] running `Command { std: "/workspace/cargo-home/bin/cargo" "+72f88fc4e9458f89516a0b8b0868f3718aec5b47" "read-manifest" "--manifest-path" "Cargo.toml", kill_on_drop: false }`
[INFO] started tweaking git repo https://github.com/LucianoBestia/fetchtest2
[INFO] finished tweaking git repo https://github.com/LucianoBestia/fetchtest2
[INFO] tweaked toml for git repo https://github.com/LucianoBestia/fetchtest2 written to /workspace/builds/worker-1/source/Cargo.toml
[INFO] crate git repo https://github.com/LucianoBestia/fetchtest2 already has a lockfile, it will not be regenerated
[INFO] running `Command { std: "/workspace/cargo-home/bin/cargo" "+72f88fc4e9458f89516a0b8b0868f3718aec5b47" "fetch" "--locked" "--manifest-path" "Cargo.toml", kill_on_drop: false }`
[INFO] [stderr]  Downloading crates ...
[INFO] [stderr]   Downloaded wasm-bindgen-webidl v0.2.56
[INFO] [stderr]   Downloaded web-sys v0.3.33
[INFO] [stderr]   Downloaded wasm-bindgen-test-macro v0.3.6
[INFO] [stderr]   Downloaded wasm-bindgen-futures v0.4.6
[INFO] [stderr]   Downloaded wasm-bindgen-test v0.3.6
[INFO] running `Command { std: "docker" "create" "-v" "/var/lib/crater-agent-workspace/builds/worker-1/target:/opt/rustwide/target:rw,Z" "-v" "/var/lib/crater-agent-workspace/builds/worker-1/source:/opt/rustwide/workdir:ro,Z" "-v" "/var/lib/crater-agent-workspace/cargo-home:/opt/rustwide/cargo-home:ro,Z" "-v" "/var/lib/crater-agent-workspace/rustup-home:/opt/rustwide/rustup-home:ro,Z" "-e" "SOURCE_DIR=/opt/rustwide/workdir" "-e" "CARGO_TARGET_DIR=/opt/rustwide/target" "-e" "CARGO_HOME=/opt/rustwide/cargo-home" "-e" "RUSTUP_HOME=/opt/rustwide/rustup-home" "-w" "/opt/rustwide/workdir" "-m" "1610612736" "--user" "0:0" "--network" "none" "rustops/crates-build-env@sha256:d92eaeed33fa75130ca1ee6c8a01d1ffb62bac859dfdfb3450e3e5d1c0146529" "/opt/rustwide/cargo-home/bin/cargo" "+72f88fc4e9458f89516a0b8b0868f3718aec5b47" "metadata" "--no-deps" "--format-version=1", kill_on_drop: false }`
[INFO] [stdout] 8baf3726ac3fe28fccacbf78793ffc683af2d20c823584043d76989b001b7676
[INFO] [stderr] WARNING: Your kernel does not support swap limit capabilities or the cgroup is not mounted. Memory limited without swap.
[INFO] running `Command { std: "docker" "start" "-a" "8baf3726ac3fe28fccacbf78793ffc683af2d20c823584043d76989b001b7676", kill_on_drop: false }`
[INFO] running `Command { std: "docker" "inspect" "8baf3726ac3fe28fccacbf78793ffc683af2d20c823584043d76989b001b7676", kill_on_drop: false }`
[INFO] running `Command { std: "docker" "rm" "-f" "8baf3726ac3fe28fccacbf78793ffc683af2d20c823584043d76989b001b7676", kill_on_drop: false }`
[INFO] [stdout] 8baf3726ac3fe28fccacbf78793ffc683af2d20c823584043d76989b001b7676
[INFO] running `Command { std: "docker" "create" "-v" "/var/lib/crater-agent-workspace/builds/worker-1/target:/opt/rustwide/target:rw,Z" "-v" "/var/lib/crater-agent-workspace/builds/worker-1/source:/opt/rustwide/workdir:ro,Z" "-v" "/var/lib/crater-agent-workspace/cargo-home:/opt/rustwide/cargo-home:ro,Z" "-v" "/var/lib/crater-agent-workspace/rustup-home:/opt/rustwide/rustup-home:ro,Z" "-e" "SOURCE_DIR=/opt/rustwide/workdir" "-e" "CARGO_TARGET_DIR=/opt/rustwide/target" "-e" "CARGO_INCREMENTAL=0" "-e" "RUST_BACKTRACE=full" "-e" "RUSTFLAGS=--cap-lints=forbid" "-e" "CARGO_HOME=/opt/rustwide/cargo-home" "-e" "RUSTUP_HOME=/opt/rustwide/rustup-home" "-w" "/opt/rustwide/workdir" "-m" "1610612736" "--user" "0:0" "--network" "none" "rustops/crates-build-env@sha256:d92eaeed33fa75130ca1ee6c8a01d1ffb62bac859dfdfb3450e3e5d1c0146529" "/opt/rustwide/cargo-home/bin/cargo" "+72f88fc4e9458f89516a0b8b0868f3718aec5b47" "check" "--frozen" "--all" "--all-targets" "--message-format=json", kill_on_drop: false }`
[INFO] [stdout] 1b014426415a7c538cf1fc10b31d701f2f876f21fddbbba7599a120daf959322
[INFO] [stderr] WARNING: Your kernel does not support swap limit capabilities or the cgroup is not mounted. Memory limited without swap.
[INFO] running `Command { std: "docker" "start" "-a" "1b014426415a7c538cf1fc10b31d701f2f876f21fddbbba7599a120daf959322", kill_on_drop: false }`
[INFO] [stderr]     Blocking waiting for file lock on package cache
[INFO] [stderr]    Compiling unicode-xid v0.2.0
[INFO] [stderr]    Compiling syn v1.0.13
[INFO] [stderr]    Compiling log v0.4.8
[INFO] [stderr]    Compiling cfg-if v0.1.10
[INFO] [stderr]    Compiling wasm-bindgen-shared v0.2.56
[INFO] [stderr]    Compiling libc v0.2.59
[INFO] [stderr]    Compiling bumpalo v2.6.0
[INFO] [stderr]    Compiling version_check v0.1.5
[INFO] [stderr]    Compiling byteorder v1.3.2
[INFO] [stderr]    Compiling proc-macro2 v0.4.30
[INFO] [stderr]     Checking itoa v0.4.4
[INFO] [stderr]    Compiling wasm-bindgen v0.2.56
[INFO] [stderr]    Compiling unicode-segmentation v1.3.0
[INFO] [stderr]    Compiling anyhow v1.0.26
[INFO] [stderr]    Compiling byte-tools v0.3.1
[INFO] [stderr]    Compiling ucd-util v0.1.3
[INFO] [stderr]    Compiling fake-simd v0.1.2
[INFO] [stderr]    Compiling strsim v0.9.2
[INFO] [stderr]    Compiling either v1.5.2
[INFO] [stderr]    Compiling bit-vec v0.5.1
[INFO] [stderr]    Compiling new_debug_unreachable v1.0.3
[INFO] [stderr]    Compiling proc-macro-nested v0.1.3
[INFO] [stderr]    Compiling opaque-debug v0.2.2
[INFO] [stderr]    Compiling lalrpop-util v0.17.1
[INFO] [stderr]    Compiling syn v0.15.39
[INFO] [stderr]     Checking pin-utils v0.1.0-alpha.4
[INFO] [stderr]    Compiling ansi_term v0.11.0
[INFO] [stderr]     Checking strum v0.15.0
[INFO] [stderr]     Checking longest-increasing-subsequence v0.1.0
[INFO] [stderr]     Checking strum v0.17.1
[INFO] [stderr]     Checking scoped-tls v1.0.0
[INFO] [stderr]    Compiling block-padding v0.1.4
[INFO] [stderr]    Compiling regex-syntax v0.6.8
[INFO] [stderr]    Compiling itertools v0.8.0
[INFO] [stderr]    Compiling bit-set v0.5.1
[INFO] [stderr]    Compiling heck v0.3.1
[INFO] [stderr]    Compiling proc-macro2 v1.0.7
[INFO] [stderr]    Compiling memchr v2.2.1
[INFO] [stderr]    Compiling nom v4.2.3
[INFO] [stderr]    Compiling unicase v2.4.0
[INFO] [stderr]    Compiling rand_pcg v0.1.2
[INFO] [stderr]    Compiling rand_chacha v0.1.1
[INFO] [stderr]    Compiling ena v0.13.0
[INFO] [stderr]    Compiling aho-corasick v0.7.4
[INFO] [stderr]    Compiling quote v1.0.2
[INFO] [stderr]     Checking fxhash v0.2.1
[INFO] [stderr]    Compiling block-buffer v0.7.3
[INFO] [stderr]     Checking mime v0.3.13
[INFO] [stderr]    Compiling quote v0.6.12
[INFO] [stderr]    Compiling sha2 v0.8.0
[INFO] [stderr]    Compiling rand_os v0.1.3
[INFO] [stderr]    Compiling dirs v1.0.5
[INFO] [stderr]    Compiling atty v0.2.11
[INFO] [stderr]    Compiling wasm-bindgen-test-macro v0.3.6
[INFO] [stderr]    Compiling term v0.5.2
[INFO] [stderr]    Compiling rand v0.6.5
[INFO] [stderr]    Compiling weedle v0.10.0
[INFO] [stderr]    Compiling ascii-canvas v2.0.0
[INFO] [stderr]    Compiling phf_generator v0.7.24
[INFO] [stderr]    Compiling string_cache_codegen v0.4.2
[INFO] [stderr]    Compiling string_cache v0.7.3
[INFO] [stderr]    Compiling regex v1.1.9
[INFO] [stderr]    Compiling strum_macros v0.15.0
[INFO] [stderr]    Compiling wasm-bindgen-backend v0.2.56
[INFO] [stderr]    Compiling serde_derive v1.0.104
[INFO] [stderr]    Compiling proc-macro-hack v0.5.11
[INFO] [stderr]    Compiling strum_macros v0.17.1
[INFO] [stderr]    Compiling wasm-bindgen-macro-support v0.2.56
[INFO] [stderr]    Compiling wasm-bindgen-webidl v0.2.56
[INFO] [stderr]    Compiling wasm-bindgen-macro v0.2.56
[INFO] [stderr]    Compiling futures-macro v0.3.1
[INFO] [stderr]    Compiling web-sys v0.3.33
[INFO] [stderr]     Checking futures-util v0.3.1
[INFO] [stderr]     Checking futures-executor v0.3.1
[INFO] [stderr]     Checking serde v1.0.104
[INFO] [stderr]     Checking futures v0.3.1
[INFO] [stderr]     Checking serde_json v1.0.44
[INFO] [stderr]    Compiling docopt v1.1.0
[INFO] [stderr]    Compiling lalrpop v0.17.1
[INFO] [stderr]     Checking js-sys v0.3.33
[INFO] [stderr]     Checking console_error_panic_hook v0.1.6
[INFO] [stdout] error: return value of constructor must be a bare path
[INFO] [stdout]     --> /opt/rustwide/cargo-home/registry/src/github.com-1ecc6299db9ec823/js-sys-0.3.33/src/lib.rs:4752:13
[INFO] [stdout]      |
[INFO] [stdout] 4752 | /             /// The
[INFO] [stdout] 4753 | |             #[doc = $ctor]
[INFO] [stdout] 4754 | |             /// constructor creates an array of unsigned 8-bit integers.
[INFO] [stdout] 4755 | |             ///
[INFO] [stdout] ...    |
[INFO] [stdout] 4759 | |             #[wasm_bindgen(constructor)]
[INFO] [stdout] 4760 | |             pub fn new(constructor_arg: &JsValue) -> $name;
[INFO] [stdout]      | |___________________________________________________________^
[INFO] [stdout] ...
[INFO] [stdout] 4947 | / arrays! {
[INFO] [stdout] 4948 | |     /// `Int8Array()`
[INFO] [stdout] 4949 | |     /// https://developer.mozilla.org/en-US/docs/Web/JavaScript/Reference/Global_Objects/Int8Array
[INFO] [stdout] 4950 | |     Int8Array: i8,
[INFO] [stdout] ...    |
[INFO] [stdout] 4982 | |     Float64Array: f64,
[INFO] [stdout] 4983 | | }
[INFO] [stdout]      | |_- in this macro invocation
[INFO] [stdout]      |
[INFO] [stdout]      = note: this error originates in a macro (in Nightly builds, run with -Z macro-backtrace for more info)
[INFO] [stdout] 
[INFO] [stdout] 
[INFO] [stdout] error: return value of constructor must be a bare path
[INFO] [stdout]     --> /opt/rustwide/cargo-home/registry/src/github.com-1ecc6299db9ec823/js-sys-0.3.33/src/lib.rs:4762:13
[INFO] [stdout]      |
[INFO] [stdout] 4762 | /             /// An
[INFO] [stdout] 4763 | |             #[doc = $ctor]
[INFO] [stdout] 4764 | |             /// which creates an array with an internal buffer large
[INFO] [stdout] 4765 | |             /// enough for `length` elements.
[INFO] [stdout] ...    |
[INFO] [stdout] 4770 | |             #[wasm_bindgen(constructor)]
[INFO] [stdout] 4771 | |             pub fn new_with_length(length: u32) -> $name;
[INFO] [stdout]      | |_________________________________________________________^
[INFO] [stdout] ...
[INFO] [stdout] 4947 | / arrays! {
[INFO] [stdout] 4948 | |     /// `Int8Array()`
[INFO] [stdout] 4949 | |     /// https://developer.mozilla.org/en-US/docs/Web/JavaScript/Reference/Global_Objects/Int8Array
[INFO] [stdout] 4950 | |     Int8Array: i8,
[INFO] [stdout] ...    |
[INFO] [stdout] 4982 | |     Float64Array: f64,
[INFO] [stdout] 4983 | | }
[INFO] [stdout]      | |_- in this macro invocation
[INFO] [stdout]      |
[INFO] [stdout]      = note: this error originates in a macro (in Nightly builds, run with -Z macro-backtrace for more info)
[INFO] [stdout] 
[INFO] [stdout] 
[INFO] [stdout] error: return value of constructor must be a bare path
[INFO] [stdout]     --> /opt/rustwide/cargo-home/registry/src/github.com-1ecc6299db9ec823/js-sys-0.3.33/src/lib.rs:4773:13
[INFO] [stdout]      |
[INFO] [stdout] 4773 | /             /// An
[INFO] [stdout] 4774 | |             #[doc = $ctor]
[INFO] [stdout] 4775 | |             /// which creates an array with the given buffer but is a
[INFO] [stdout] 4776 | |             /// view starting at `byte_offset`.
[INFO] [stdout] ...    |
[INFO] [stdout] 4781 | |             #[wasm_bindgen(constructor)]
[INFO] [stdout] 4782 | |             pub fn new_with_byte_offset(buffer: &JsValue, byte_offset: u32) -> $name;
[INFO] [stdout]      | |_____________________________________________________________________________________^
[INFO] [stdout] ...
[INFO] [stdout] 4947 | / arrays! {
[INFO] [stdout] 4948 | |     /// `Int8Array()`
[INFO] [stdout] 4949 | |     /// https://developer.mozilla.org/en-US/docs/Web/JavaScript/Reference/Global_Objects/Int8Array
[INFO] [stdout] 4950 | |     Int8Array: i8,
[INFO] [stdout] ...    |
[INFO] [stdout] 4982 | |     Float64Array: f64,
[INFO] [stdout] 4983 | | }
[INFO] [stdout]      | |_- in this macro invocation
[INFO] [stdout]      |
[INFO] [stdout]      = note: this error originates in a macro (in Nightly builds, run with -Z macro-backtrace for more info)
[INFO] [stdout] 
[INFO] [stdout] 
[INFO] [stdout] error: return value of constructor must be a bare path
[INFO] [stdout]     --> /opt/rustwide/cargo-home/registry/src/github.com-1ecc6299db9ec823/js-sys-0.3.33/src/lib.rs:4784:13
[INFO] [stdout]      |
[INFO] [stdout] 4784 | /             /// An
[INFO] [stdout] 4785 | |             #[doc = $ctor]
[INFO] [stdout] 4786 | |             /// which creates an array with the given buffer but is a
[INFO] [stdout] 4787 | |             /// view starting at `byte_offset` for `length` elements.
[INFO] [stdout] ...    |
[INFO] [stdout] 4796 | |                 length: u32,
[INFO] [stdout] 4797 | |             ) -> $name;
[INFO] [stdout]      | |_______________________^
[INFO] [stdout] ...
[INFO] [stdout] 4947 | / arrays! {
[INFO] [stdout] 4948 | |     /// `Int8Array()`
[INFO] [stdout] 4949 | |     /// https://developer.mozilla.org/en-US/docs/Web/JavaScript/Reference/Global_Objects/Int8Array
[INFO] [stdout] 4950 | |     Int8Array: i8,
[INFO] [stdout] ...    |
[INFO] [stdout] 4982 | |     Float64Array: f64,
[INFO] [stdout] 4983 | | }
[INFO] [stdout]      | |_- in this macro invocation
[INFO] [stdout]      |
[INFO] [stdout]      = note: this error originates in a macro (in Nightly builds, run with -Z macro-backtrace for more info)
[INFO] [stdout] 
[INFO] [stdout] 
[INFO] [stdout] error: first argument of method must be a path
[INFO] [stdout]     --> /opt/rustwide/cargo-home/registry/src/github.com-1ecc6299db9ec823/js-sys-0.3.33/src/lib.rs:4804:32
[INFO] [stdout]      |
[INFO] [stdout] 4804 |               pub fn fill(this: &$name, value: $ty, start: u32, end: u32) -> $name;
[INFO] [stdout]      |                                  ^^^^^
[INFO] [stdout] ...
[INFO] [stdout] 4947 | / arrays! {
[INFO] [stdout] 4948 | |     /// `Int8Array()`
[INFO] [stdout] 4949 | |     /// https://developer.mozilla.org/en-US/docs/Web/JavaScript/Reference/Global_Objects/Int8Array
[INFO] [stdout] 4950 | |     Int8Array: i8,
[INFO] [stdout] ...    |
[INFO] [stdout] 4982 | |     Float64Array: f64,
[INFO] [stdout] 4983 | | }
[INFO] [stdout]      | |_- in this macro invocation
[INFO] [stdout]      |
[INFO] [stdout]      = note: this error originates in a macro (in Nightly builds, run with -Z macro-backtrace for more info)
[INFO] [stdout] 
[INFO] [stdout] 
[INFO] [stdout] error: first argument of method must be a path
[INFO] [stdout]     --> /opt/rustwide/cargo-home/registry/src/github.com-1ecc6299db9ec823/js-sys-0.3.33/src/lib.rs:4809:34
[INFO] [stdout]      |
[INFO] [stdout] 4809 |               pub fn buffer(this: &$name) -> ArrayBuffer;
[INFO] [stdout]      |                                    ^^^^^
[INFO] [stdout] ...
[INFO] [stdout] 4947 | / arrays! {
[INFO] [stdout] 4948 | |     /// `Int8Array()`
[INFO] [stdout] 4949 | |     /// https://developer.mozilla.org/en-US/docs/Web/JavaScript/Reference/Global_Objects/Int8Array
[INFO] [stdout] 4950 | |     Int8Array: i8,
[INFO] [stdout] ...    |
[INFO] [stdout] 4982 | |     Float64Array: f64,
[INFO] [stdout] 4983 | | }
[INFO] [stdout]      | |_- in this macro invocation
[INFO] [stdout]      |
[INFO] [stdout]      = note: this error originates in a macro (in Nightly builds, run with -Z macro-backtrace for more info)
[INFO] [stdout] 
[INFO] [stdout] 
[INFO] [stdout] error: first argument of method must be a path
[INFO] [stdout]     --> /opt/rustwide/cargo-home/registry/src/github.com-1ecc6299db9ec823/js-sys-0.3.33/src/lib.rs:4814:36
[INFO] [stdout]      |
[INFO] [stdout] 4814 |               pub fn subarray(this: &$name, begin: u32, end: u32) -> $name;
[INFO] [stdout]      |                                      ^^^^^
[INFO] [stdout] ...
[INFO] [stdout] 4947 | / arrays! {
[INFO] [stdout] 4948 | |     /// `Int8Array()`
[INFO] [stdout] 4949 | |     /// https://developer.mozilla.org/en-US/docs/Web/JavaScript/Reference/Global_Objects/Int8Array
[INFO] [stdout] 4950 | |     Int8Array: i8,
[INFO] [stdout] ...    |
[INFO] [stdout] 4982 | |     Float64Array: f64,
[INFO] [stdout] 4983 | | }
[INFO] [stdout]      | |_- in this macro invocation
[INFO] [stdout]      |
[INFO] [stdout]      = note: this error originates in a macro (in Nightly builds, run with -Z macro-backtrace for more info)
[INFO] [stdout] 
[INFO] [stdout] 
[INFO] [stdout] error: first argument of method must be a path
[INFO] [stdout]     --> /opt/rustwide/cargo-home/registry/src/github.com-1ecc6299db9ec823/js-sys-0.3.33/src/lib.rs:4820:33
[INFO] [stdout]      |
[INFO] [stdout] 4820 |               pub fn slice(this: &$name, begin: u32, end: u32) -> $name;
[INFO] [stdout]      |                                   ^^^^^
[INFO] [stdout] ...
[INFO] [stdout] 4947 | / arrays! {
[INFO] [stdout] 4948 | |     /// `Int8Array()`
[INFO] [stdout] 4949 | |     /// https://developer.mozilla.org/en-US/docs/Web/JavaScript/Reference/Global_Objects/Int8Array
[INFO] [stdout] 4950 | |     Int8Array: i8,
[INFO] [stdout] ...    |
[INFO] [stdout] 4982 | |     Float64Array: f64,
[INFO] [stdout] 4983 | | }
[INFO] [stdout]      | |_- in this macro invocation
[INFO] [stdout]      |
[INFO] [stdout]      = note: this error originates in a macro (in Nightly builds, run with -Z macro-backtrace for more info)
[INFO] [stdout] 
[INFO] [stdout] 
[INFO] [stdout] error: first argument of method must be a path
[INFO] [stdout]     --> /opt/rustwide/cargo-home/registry/src/github.com-1ecc6299db9ec823/js-sys-0.3.33/src/lib.rs:4827:36
[INFO] [stdout]      |
[INFO] [stdout] 4827 |               pub fn for_each(this: &$name, callback: &mut dyn FnMut($ty, u32, $name));
[INFO] [stdout]      |                                      ^^^^^
[INFO] [stdout] ...
[INFO] [stdout] 4947 | / arrays! {
[INFO] [stdout] 4948 | |     /// `Int8Array()`
[INFO] [stdout] 4949 | |     /// https://developer.mozilla.org/en-US/docs/Web/JavaScript/Reference/Global_Objects/Int8Array
[INFO] [stdout] 4950 | |     Int8Array: i8,
[INFO] [stdout] ...    |
[INFO] [stdout] 4982 | |     Float64Array: f64,
[INFO] [stdout] 4983 | | }
[INFO] [stdout]      | |_- in this macro invocation
[INFO] [stdout]      |
[INFO] [stdout]      = note: this error originates in a macro (in Nightly builds, run with -Z macro-backtrace for more info)
[INFO] [stdout] 
[INFO] [stdout] 
[INFO] [stdout] error: first argument of method must be a path
[INFO] [stdout]     --> /opt/rustwide/cargo-home/registry/src/github.com-1ecc6299db9ec823/js-sys-0.3.33/src/lib.rs:4832:34
[INFO] [stdout]      |
[INFO] [stdout] 4832 |               pub fn length(this: &$name) -> u32;
[INFO] [stdout]      |                                    ^^^^^
[INFO] [stdout] ...
[INFO] [stdout] 4947 | / arrays! {
[INFO] [stdout] 4948 | |     /// `Int8Array()`
[INFO] [stdout] 4949 | |     /// https://developer.mozilla.org/en-US/docs/Web/JavaScript/Reference/Global_Objects/Int8Array
[INFO] [stdout] 4950 | |     Int8Array: i8,
[INFO] [stdout] ...    |
[INFO] [stdout] 4982 | |     Float64Array: f64,
[INFO] [stdout] 4983 | | }
[INFO] [stdout]      | |_- in this macro invocation
[INFO] [stdout]      |
[INFO] [stdout]      = note: this error originates in a macro (in Nightly builds, run with -Z macro-backtrace for more info)
[INFO] [stdout] 
[INFO] [stdout] 
[INFO] [stdout] error: first argument of method must be a path
[INFO] [stdout]     --> /opt/rustwide/cargo-home/registry/src/github.com-1ecc6299db9ec823/js-sys-0.3.33/src/lib.rs:4837:39
[INFO] [stdout]      |
[INFO] [stdout] 4837 |               pub fn byte_length(this: &$name) -> u32;
[INFO] [stdout]      |                                         ^^^^^
[INFO] [stdout] ...
[INFO] [stdout] 4947 | / arrays! {
[INFO] [stdout] 4948 | |     /// `Int8Array()`
[INFO] [stdout] 4949 | |     /// https://developer.mozilla.org/en-US/docs/Web/JavaScript/Reference/Global_Objects/Int8Array
[INFO] [stdout] 4950 | |     Int8Array: i8,
[INFO] [stdout] ...    |
[INFO] [stdout] 4982 | |     Float64Array: f64,
[INFO] [stdout] 4983 | | }
[INFO] [stdout]      | |_- in this macro invocation
[INFO] [stdout]      |
[INFO] [stdout]      = note: this error originates in a macro (in Nightly builds, run with -Z macro-backtrace for more info)
[INFO] [stdout] 
[INFO] [stdout] 
[INFO] [stdout] error: first argument of method must be a path
[INFO] [stdout]     --> /opt/rustwide/cargo-home/registry/src/github.com-1ecc6299db9ec823/js-sys-0.3.33/src/lib.rs:4842:39
[INFO] [stdout]      |
[INFO] [stdout] 4842 |               pub fn byte_offset(this: &$name) -> u32;
[INFO] [stdout]      |                                         ^^^^^
[INFO] [stdout] ...
[INFO] [stdout] 4947 | / arrays! {
[INFO] [stdout] 4948 | |     /// `Int8Array()`
[INFO] [stdout] 4949 | |     /// https://developer.mozilla.org/en-US/docs/Web/JavaScript/Reference/Global_Objects/Int8Array
[INFO] [stdout] 4950 | |     Int8Array: i8,
[INFO] [stdout] ...    |
[INFO] [stdout] 4982 | |     Float64Array: f64,
[INFO] [stdout] 4983 | | }
[INFO] [stdout]      | |_- in this macro invocation
[INFO] [stdout]      |
[INFO] [stdout]      = note: this error originates in a macro (in Nightly builds, run with -Z macro-backtrace for more info)
[INFO] [stdout] 
[INFO] [stdout] 
[INFO] [stdout] error: first argument of method must be a path
[INFO] [stdout]     --> /opt/rustwide/cargo-home/registry/src/github.com-1ecc6299db9ec823/js-sys-0.3.33/src/lib.rs:4847:31
[INFO] [stdout]      |
[INFO] [stdout] 4847 |               pub fn set(this: &$name, src: &JsValue, offset: u32);
[INFO] [stdout]      |                                 ^^^^^
[INFO] [stdout] ...
[INFO] [stdout] 4947 | / arrays! {
[INFO] [stdout] 4948 | |     /// `Int8Array()`
[INFO] [stdout] 4949 | |     /// https://developer.mozilla.org/en-US/docs/Web/JavaScript/Reference/Global_Objects/Int8Array
[INFO] [stdout] 4950 | |     Int8Array: i8,
[INFO] [stdout] ...    |
[INFO] [stdout] 4982 | |     Float64Array: f64,
[INFO] [stdout] 4983 | | }
[INFO] [stdout]      | |_- in this macro invocation
[INFO] [stdout]      |
[INFO] [stdout]      = note: this error originates in a macro (in Nightly builds, run with -Z macro-backtrace for more info)
[INFO] [stdout] 
[INFO] [stdout] 
[INFO] [stdout] error[E0433]: failed to resolve: use of undeclared type or module `Int8Array`
[INFO] [stdout]     --> /opt/rustwide/cargo-home/registry/src/github.com-1ecc6299db9ec823/js-sys-0.3.33/src/lib.rs:4950:5
[INFO] [stdout]      |
[INFO] [stdout] 4950 |     Int8Array: i8,
[INFO] [stdout]      |     ^^^^^^^^^ use of undeclared type or module `Int8Array`
[INFO] [stdout] 
[INFO] [stdout] 
[INFO] [stdout] error[E0433]: failed to resolve: use of undeclared type or module `Int16Array`
[INFO] [stdout]     --> /opt/rustwide/cargo-home/registry/src/github.com-1ecc6299db9ec823/js-sys-0.3.33/src/lib.rs:4954:5
[INFO] [stdout]      |
[INFO] [stdout] 4954 |     Int16Array: i16,
[INFO] [stdout]      |     ^^^^^^^^^^ use of undeclared type or module `Int16Array`
[INFO] [stdout] 
[INFO] [stdout] 
[INFO] [stdout] error[E0433]: failed to resolve: use of undeclared type or module `Int32Array`
[INFO] [stdout]     --> /opt/rustwide/cargo-home/registry/src/github.com-1ecc6299db9ec823/js-sys-0.3.33/src/lib.rs:4958:5
[INFO] [stdout]      |
[INFO] [stdout] 4958 |     Int32Array: i32,
[INFO] [stdout]      |     ^^^^^^^^^^ use of undeclared type or module `Int32Array`
[INFO] [stdout] 
[INFO] [stdout] 
[INFO] [stdout] error[E0433]: failed to resolve: use of undeclared type or module `Uint8Array`
[INFO] [stdout]     --> /opt/rustwide/cargo-home/registry/src/github.com-1ecc6299db9ec823/js-sys-0.3.33/src/lib.rs:4962:5
[INFO] [stdout]      |
[INFO] [stdout] 4962 |     Uint8Array: u8,
[INFO] [stdout]      |     ^^^^^^^^^^ use of undeclared type or module `Uint8Array`
[INFO] [stdout] 
[INFO] [stdout] 
[INFO] [stdout] error[E0433]: failed to resolve: use of undeclared type or module `Uint8ClampedArray`
[INFO] [stdout]     --> /opt/rustwide/cargo-home/registry/src/github.com-1ecc6299db9ec823/js-sys-0.3.33/src/lib.rs:4966:5
[INFO] [stdout]      |
[INFO] [stdout] 4966 |     Uint8ClampedArray: u8,
[INFO] [stdout]      |     ^^^^^^^^^^^^^^^^^ use of undeclared type or module `Uint8ClampedArray`
[INFO] [stdout] 
[INFO] [stdout] 
[INFO] [stdout] error[E0433]: failed to resolve: use of undeclared type or module `Uint16Array`
[INFO] [stdout]     --> /opt/rustwide/cargo-home/registry/src/github.com-1ecc6299db9ec823/js-sys-0.3.33/src/lib.rs:4970:5
[INFO] [stdout]      |
[INFO] [stdout] 4970 |     Uint16Array: u16,
[INFO] [stdout]      |     ^^^^^^^^^^^ use of undeclared type or module `Uint16Array`
[INFO] [stdout] 
[INFO] [stdout] 
[INFO] [stdout] error[E0433]: failed to resolve: use of undeclared type or module `Uint32Array`
[INFO] [stdout]     --> /opt/rustwide/cargo-home/registry/src/github.com-1ecc6299db9ec823/js-sys-0.3.33/src/lib.rs:4974:5
[INFO] [stdout]      |
[INFO] [stdout] 4974 |     Uint32Array: u32,
[INFO] [stdout]      |     ^^^^^^^^^^^ use of undeclared type or module `Uint32Array`
[INFO] [stdout] 
[INFO] [stdout] 
[INFO] [stdout] error[E0433]: failed to resolve: use of undeclared type or module `Float32Array`
[INFO] [stdout]     --> /opt/rustwide/cargo-home/registry/src/github.com-1ecc6299db9ec823/js-sys-0.3.33/src/lib.rs:4978:5
[INFO] [stdout]      |
[INFO] [stdout] 4978 |     Float32Array: f32,
[INFO] [stdout]      |     ^^^^^^^^^^^^ use of undeclared type or module `Float32Array`
[INFO] [stdout] 
[INFO] [stdout] 
[INFO] [stdout] error[E0433]: failed to resolve: use of undeclared type or module `Float64Array`
[INFO] [stdout]     --> /opt/rustwide/cargo-home/registry/src/github.com-1ecc6299db9ec823/js-sys-0.3.33/src/lib.rs:4982:5
[INFO] [stdout]      |
[INFO] [stdout] 4982 |     Float64Array: f64,
[INFO] [stdout]      |     ^^^^^^^^^^^^ use of undeclared type or module `Float64Array`
[INFO] [stdout] 
[INFO] [stdout] 
[INFO] [stdout] error[E0412]: cannot find type `Int32Array` in this scope
[INFO] [stdout]    --> /opt/rustwide/cargo-home/registry/src/github.com-1ecc6299db9ec823/js-sys-0.3.33/src/lib.rs:699:37
[INFO] [stdout]     |
[INFO] [stdout] 699 |         pub fn notify(typed_array: &Int32Array, index: u32) -> Result<u32, JsValue>;
[INFO] [stdout]     |                                     ^^^^^^^^^^ not found in this scope
[INFO] [stdout] 
[INFO] [stdout] 
[INFO] [stdout] error[E0412]: cannot find type `Int32Array` in this scope
[INFO] [stdout]    --> /opt/rustwide/cargo-home/registry/src/github.com-1ecc6299db9ec823/js-sys-0.3.33/src/lib.rs:704:27
[INFO] [stdout]     |
[INFO] [stdout] 704 |             typed_array: &Int32Array,
[INFO] [stdout]     |                           ^^^^^^^^^^ not found in this scope
[INFO] [stdout] 
[INFO] [stdout] 
[INFO] [stdout] error[E0412]: cannot find type `Int32Array` in this scope
[INFO] [stdout]    --> /opt/rustwide/cargo-home/registry/src/github.com-1ecc6299db9ec823/js-sys-0.3.33/src/lib.rs:743:35
[INFO] [stdout]     |
[INFO] [stdout] 743 |         pub fn wait(typed_array: &Int32Array, index: u32, value: i32) -> Result<JsString, JsValue>;
[INFO] [stdout]     |                                   ^^^^^^^^^^ not found in this scope
[INFO] [stdout] 
[INFO] [stdout] 
[INFO] [stdout] error[E0412]: cannot find type `Int32Array` in this scope
[INFO] [stdout]    --> /opt/rustwide/cargo-home/registry/src/github.com-1ecc6299db9ec823/js-sys-0.3.33/src/lib.rs:750:27
[INFO] [stdout]     |
[INFO] [stdout] 750 |             typed_array: &Int32Array,
[INFO] [stdout]     |                           ^^^^^^^^^^ not found in this scope
[INFO] [stdout] 
[INFO] [stdout] 
[INFO] [stdout] error[E0412]: cannot find type `Int8Array` in this scope
[INFO] [stdout]     --> /opt/rustwide/cargo-home/registry/src/github.com-1ecc6299db9ec823/js-sys-0.3.33/src/lib.rs:4950:5
[INFO] [stdout]      |
[INFO] [stdout] 4950 |     Int8Array: i8,
[INFO] [stdout]      |     ^^^^^^^^^ not found in this scope
[INFO] [stdout] 
[INFO] [stdout] 
[INFO] [stdout] error[E0412]: cannot find type `Int16Array` in this scope
[INFO] [stdout]     --> /opt/rustwide/cargo-home/registry/src/github.com-1ecc6299db9ec823/js-sys-0.3.33/src/lib.rs:4954:5
[INFO] [stdout]      |
[INFO] [stdout] 4954 |     Int16Array: i16,
[INFO] [stdout]      |     ^^^^^^^^^^ not found in this scope
[INFO] [stdout] 
[INFO] [stdout] 
[INFO] [stdout] error[E0412]: cannot find type `Int32Array` in this scope
[INFO] [stdout]     --> /opt/rustwide/cargo-home/registry/src/github.com-1ecc6299db9ec823/js-sys-0.3.33/src/lib.rs:4958:5
[INFO] [stdout]      |
[INFO] [stdout] 4958 |     Int32Array: i32,
[INFO] [stdout]      |     ^^^^^^^^^^ not found in this scope
[INFO] [stdout] 
[INFO] [stdout] 
[INFO] [stdout] error[E0412]: cannot find type `Uint8Array` in this scope
[INFO] [stdout]     --> /opt/rustwide/cargo-home/registry/src/github.com-1ecc6299db9ec823/js-sys-0.3.33/src/lib.rs:4962:5
[INFO] [stdout]      |
[INFO] [stdout] 4962 |     Uint8Array: u8,
[INFO] [stdout]      |     ^^^^^^^^^^ not found in this scope
[INFO] [stdout] 
[INFO] [stdout] 
[INFO] [stdout] error[E0412]: cannot find type `Uint8ClampedArray` in this scope
[INFO] [stdout]     --> /opt/rustwide/cargo-home/registry/src/github.com-1ecc6299db9ec823/js-sys-0.3.33/src/lib.rs:4966:5
[INFO] [stdout]      |
[INFO] [stdout] 4966 |     Uint8ClampedArray: u8,
[INFO] [stdout]      |     ^^^^^^^^^^^^^^^^^ not found in this scope
[INFO] [stdout] 
[INFO] [stdout] 
[INFO] [stdout] error[E0412]: cannot find type `Uint16Array` in this scope
[INFO] [stdout]     --> /opt/rustwide/cargo-home/registry/src/github.com-1ecc6299db9ec823/js-sys-0.3.33/src/lib.rs:4970:5
[INFO] [stdout]      |
[INFO] [stdout] 4970 |     Uint16Array: u16,
[INFO] [stdout]      |     ^^^^^^^^^^^ not found in this scope
[INFO] [stdout] 
[INFO] [stdout] 
[INFO] [stdout] error[E0412]: cannot find type `Uint32Array` in this scope
[INFO] [stdout]     --> /opt/rustwide/cargo-home/registry/src/github.com-1ecc6299db9ec823/js-sys-0.3.33/src/lib.rs:4974:5
[INFO] [stdout]      |
[INFO] [stdout] 4974 |     Uint32Array: u32,
[INFO] [stdout]      |     ^^^^^^^^^^^ not found in this scope
[INFO] [stdout] 
[INFO] [stdout] 
[INFO] [stdout] error[E0412]: cannot find type `Float32Array` in this scope
[INFO] [stdout]     --> /opt/rustwide/cargo-home/registry/src/github.com-1ecc6299db9ec823/js-sys-0.3.33/src/lib.rs:4978:5
[INFO] [stdout]      |
[INFO] [stdout] 4978 |     Float32Array: f32,
[INFO] [stdout]      |     ^^^^^^^^^^^^ not found in this scope
[INFO] [stdout] 
[INFO] [stdout] 
[INFO] [stdout] error[E0412]: cannot find type `Float64Array` in this scope
[INFO] [stdout]     --> /opt/rustwide/cargo-home/registry/src/github.com-1ecc6299db9ec823/js-sys-0.3.33/src/lib.rs:4982:5
[INFO] [stdout]      |
[INFO] [stdout] 4982 |     Float64Array: f64,
[INFO] [stdout]      |     ^^^^^^^^^^^^ not found in this scope
[INFO] [stdout] 
[INFO] [stdout] 
[INFO] [stdout] error: aborting due to 35 previous errors
[INFO] [stdout] 
[INFO] [stdout] 
[INFO] [stdout] Some errors have detailed explanations: E0412, E0433.
[INFO] [stdout] 
[INFO] [stdout] For more information about an error, try `rustc --explain E0412`.
[INFO] [stdout] 
[INFO] [stderr] error: could not compile `js-sys`.
[INFO] [stderr] 
[INFO] [stderr] To learn more, run the command again with --verbose.
[INFO] [stderr] warning: build failed, waiting for other jobs to finish...
[INFO] [stderr] error: build failed
[INFO] running `Command { std: "docker" "inspect" "1b014426415a7c538cf1fc10b31d701f2f876f21fddbbba7599a120daf959322", kill_on_drop: false }`
[INFO] running `Command { std: "docker" "rm" "-f" "1b014426415a7c538cf1fc10b31d701f2f876f21fddbbba7599a120daf959322", kill_on_drop: false }`
[INFO] [stdout] 1b014426415a7c538cf1fc10b31d701f2f876f21fddbbba7599a120daf959322
